{"id":22,"date":"2025-09-04T10:29:35","date_gmt":"2025-09-04T08:29:35","guid":{"rendered":"https:\/\/www.sekobrno.cz\/?page_id=22"},"modified":"2025-09-04T13:21:31","modified_gmt":"2025-09-04T11:21:31","slug":"sluzby","status":"publish","type":"page","link":"https:\/\/www.sekobrno.cz\/?page_id=22","title":{"rendered":"Slu\u017eby"},"content":{"rendered":"\n<p class=\"has-large-font-size\"><strong>M\u011b\u0159en\u00ed emis\u00ed<\/strong><\/p>\n\n\n\n<div class=\"wp-block-group is-nowrap is-layout-flex wp-container-core-group-is-layout-ad2f72ca wp-block-group-is-layout-flex\">\n<div class=\"wp-block-group is-vertical is-content-justification-right is-layout-flex wp-container-core-group-is-layout-b6c475e2 wp-block-group-is-layout-flex\">\n<p>M\u011b\u0159en\u00ed je prov\u00e1d\u011bno s vyu\u017eit\u00edm kontinu\u00e1ln\u00edch analyz\u00e1tor\u016f kou\u0159ov\u00fdch plyn\u016f od firmy HORIBA, nebo kombinovan\u00fdm p\u0159\u00edstrojem ECOM &#8211; JN pro anal\u00fdzu slo\u017een\u00ed spalin, vybaven\u00fdm elektrochemick\u00fdmi senzory.<\/p>\n<\/div>\n<\/div>\n\n\n\n<p>Na pr\u016fmyslov\u00fdch zdroj\u00edch zne\u010di\u0161\u0165ov\u00e1n\u00ed prov\u00e1d\u00edme tato m\u011b\u0159en\u00ed:<\/p>\n\n\n\n<p>&#8211;&nbsp;<strong>kontinu\u00e1ln\u011b m\u011b\u0159en\u00e9 \u0161kodlivin<\/strong>y: C<sub>x<\/sub>H<sub>y<\/sub>, SO<sub>2<\/sub>, NO<sub>x<\/sub>, CO a O<sub>2<\/sub>&nbsp;(jako referen\u010dn\u00ed hladina)<br>&#8211;&nbsp;<strong>kontinu\u00e1ln\u011b m\u011b\u0159en\u00e9 \u0161kodliviny elektrochemick\u00fdmi senzory<\/strong>: SO<sub>2<\/sub>, NO, NO<sub>2<\/sub>, CO a O<sub>2<\/sub>&nbsp;(jako referen\u010dn\u00ed hladina)<br>&#8211;<strong>&nbsp;m\u011b\u0159en\u00ed koncentrace tuh\u00fdch zne\u010di\u0161\u0165uj\u00edc\u00edch l\u00e1tek gravimetrickou metodou s mo\u017enou dal\u0161\u00ed anal\u00fdzou obsahu t\u011b\u017ek\u00fdch kov\u016f v odebran\u00fdch vzorc\u00edc<\/strong>h (Hg, Tl, Cd, As, Ni, Co, Cr, Pb, Cu, Mn, pop\u0159\u00edpad\u011b dal\u0161\u00edch)<br>&#8211;&nbsp;<strong>kontinu\u00e1ln\u00ed m\u011b\u0159en\u00ed fyzik\u00e1ln\u00edch parametr\u016f<\/strong>&nbsp;(tlak, teplota, vlhkost, objemov\u00fd pr\u016ftok spalin)<br>&#8211;&nbsp;<strong>m\u011b\u0159en\u00ed tmavosti kou\u0159e pomoc\u00ed Ringelmannovy stupnice.<\/strong><\/p>\n\n\n\n<div class=\"wp-block-group is-nowrap is-layout-flex wp-container-core-group-is-layout-ad2f72ca wp-block-group-is-layout-flex\">\n<p>D\u00e1le prov\u00e1d\u00edme m\u011b\u0159en\u00ed manu\u00e1ln\u00edmi metodami:<br>&#8211;&nbsp;<strong>anorganick\u00fdch l\u00e1tek<\/strong>&nbsp;(miner\u00e1ln\u00ed kyseliny, amoniak, chlorovod\u00edk, kyanovod\u00edk, chl\u00f3r a jeho slou\u010deniny, slou\u010deniny flu\u00f3ru)<br>&#8211;&nbsp;<strong>organick\u00fdch l\u00e1tek<\/strong>&nbsp;(fenol, formaldehyd, benzen, toluen, xylen, styren atd.)<br>&#8211;&nbsp;polyaromatick\u00fdch uhlovod\u00edk\u016f&nbsp;(benzo(a)pyrenu) atd.), chlorovan\u00fdch uhlovod\u00edk\u016f (trichloretylen, tetrachloretylen, chlorbenzenu, atd.).<\/p>\n<\/div>\n\n\n\n<p>Informace o koncentra\u010dn\u00edch hladin\u00e1ch sledovan\u00fdch \u0161kodlivin V\u00e1m m\u016f\u017eeme poskytnout ihned po ukon\u010den\u00ed m\u011b\u0159en\u00ed. Jedn\u00e1 se o zpracov\u00e1n\u00ed p\u0159edb\u011b\u017en\u00fdch v\u00fdsledk\u016f, kter\u00e9 jsou vyhodnocov\u00e1ny kontinu\u00e1ln\u00edmi analyz\u00e1tory C<sub>x<\/sub>H<sub>y<\/sub>, SO<sub>2<\/sub>, NO<sub>x<\/sub>, CO a O<sub>2<\/sub>.&nbsp;<\/p>\n\n\n\n<p class=\"has-large-font-size\"><strong>M\u011b\u0159en\u00ed imis\u00ed<\/strong><br>Zji\u0161\u0165ov\u00e1n\u00ed koncentrace \u0161kodlivin ve voln\u00e9m ovzdu\u0161\u00ed.<\/p>\n\n\n\n<p>Prov\u00e1d\u00edme:<\/p>\n\n\n\n<p>&#8211;<strong>&nbsp;manu\u00e1ln\u00ed odb\u011bry<\/strong>&nbsp;(pr\u016fm\u011brn\u00e9 24 hodinov\u00e9 koncentrace) SO<sub>2<\/sub>, NO<sub>x<\/sub>&nbsp;SO<sub>2<\/sub>, NO<sub>x<\/sub>&nbsp;m\u011b\u0159en\u00ed kyanid\u016f, amoniaku, sirovod\u00edku, (manu\u00e1ln\u00ed odb\u011bry s fotometrick\u00fdm vyhodnocen\u00edm odebran\u00fdch vzork\u016f)<\/p>\n\n\n\n<p>&#8211;&nbsp;<strong>m\u011b\u0159en\u00ed t\u011bkav\u00fdch organick\u00fdch l\u00e1tek<\/strong>&nbsp;(benzen, toluen, xylen, trichloretylen, tetrachloretylen, chlorbenzen) pr\u016fm\u011brn\u00e9 24 hodinov\u00e9 koncentrace (odb\u011bry na sorp\u010dn\u00ed trubi\u010dky)<\/p>\n\n\n\n<p>&#8211;&nbsp;<strong>m\u011b\u0159en\u00ed polyaromatick\u00fdch uhlovod\u00edk\u016f<\/strong>&nbsp;(z\u00e1kladn\u00ed \u0159ada vybran\u00fdch 16-ti podle EPA metod) &#8211; 24 hodinov\u00e9 pr\u016fm\u011brn\u00e9 koncentrace<\/p>\n\n\n\n<p>&#8211;&nbsp;<strong>m\u011b\u0159en\u00ed pol\u00e9tav\u00e9ho prachu<\/strong>&nbsp;&#8211; 24 hodinov\u00e9 koncentrace, mo\u017enost anal\u00fdzy obsahu vybran\u00fdch t\u011b\u017ek\u00fdch kov\u016f v odebran\u00e9m vzorku.<\/p>\n\n\n\n<p class=\"has-large-font-size\"><strong>M\u011b\u0159en\u00ed \u0161kodlivin v pracovn\u00edm prost\u0159ed\u00ed<\/strong><\/p>\n\n\n\n<p>V\u0161echna nab\u00edzen\u00e1 m\u011b\u0159en\u00ed vych\u00e1zej\u00ed z platn\u00e9 legislativy, sledovan\u00e9 l\u00e1tky jsou stanovov\u00e1ny v souladu s po\u017eadavky hygienick\u00fdch p\u0159edpis\u016f a norem.&nbsp;<\/p>\n\n\n\n<p class=\"has-large-font-size\"><strong>D\u00e1le V\u00e1m nab\u00edz\u00edme<\/strong>:<\/p>\n\n\n\n<p>&#8211; zpracov\u00e1n\u00ed rozptylov\u00fdch studi\u00ed z technologick\u00fdch a energetick\u00fdch zdroj\u016f,<\/p>\n\n\n\n<p>&#8211; v\u00fdpo\u010dty poplatk\u016f za zne\u010di\u0161\u0165ov\u00e1n\u00ed ovzdu\u0161\u00ed provozem stacion\u00e1rn\u00edch zdroj\u016f,<\/p>\n\n\n\n<p>&#8211; dal\u0161\u00ed technickou, odbornou a poradenskou \u010dinnost v oblasti \u017eivotn\u00edho prost\u0159ed\u00ed,<\/p>\n\n\n\n<p>&#8211; dal\u0161\u00ed technick\u00e9 informace i poradenstv\u00ed souvisej\u00edc\u00ed nap\u0159\u00edklad se sou\u010dasnou v\u011bt\u0161\u00ed \u010detnost\u00ed term\u00edn\u016f m\u011b\u0159en\u00ed emis\u00ed.<\/p>\n\n\n\n<p>O na\u0161ich dal\u0161\u00edch aktivit\u00e1ch a p\u0159\u00edpadn\u00e9m dal\u0161\u00edm roz\u0161\u00ed\u0159en\u00ed nab\u00edzen\u00fdch slu\u017eeb V\u00e1s budeme informovat. T\u011b\u0161\u00edme se na Va\u0161i spolupr\u00e1ci a uv\u00edt\u00e1me V\u00e1\u0161 z\u00e1jem o \u0159e\u0161en\u00ed specifick\u00fdch probl\u00e9m\u016f v t\u00e9to oblasti.<\/p>\n\n\n\n<p><\/p>\n","protected":false},"excerpt":{"rendered":"<p>M\u011b\u0159en\u00ed emis\u00ed M\u011b\u0159en\u00ed je prov\u00e1d\u011bno s vyu\u017eit\u00edm kontinu\u00e1ln\u00edch analyz\u00e1tor\u016f kou\u0159ov\u00fdch plyn\u016f od firmy HORIBA, nebo kombinovan\u00fdm p\u0159\u00edstrojem ECOM &#8211; JN pro anal\u00fdzu slo\u017een\u00ed spalin, vybaven\u00fdm elektrochemick\u00fdmi senzory. Na pr\u016fmyslov\u00fdch zdroj\u00edch zne\u010di\u0161\u0165ov\u00e1n\u00ed prov\u00e1d\u00edme tato m\u011b\u0159en\u00ed: &#8211;&nbsp;kontinu\u00e1ln\u011b m\u011b\u0159en\u00e9 \u0161kodliviny: CxHy, SO2, NOx,&#8230; <a class=\"more-link\" href=\"https:\/\/www.sekobrno.cz\/?page_id=22\">Pokra\u010dovat ve \u010dten\u00ed &rarr;<\/a><\/p>\n","protected":false},"author":1,"featured_media":0,"parent":0,"menu_order":0,"comment_status":"closed","ping_status":"closed","template":"","meta":{"footnotes":""},"class_list":["post-22","page","type-page","status-publish","hentry"],"_links":{"self":[{"href":"https:\/\/www.sekobrno.cz\/index.php?rest_route=\/wp\/v2\/pages\/22","targetHints":{"allow":["GET"]}}],"collection":[{"href":"https:\/\/www.sekobrno.cz\/index.php?rest_route=\/wp\/v2\/pages"}],"about":[{"href":"https:\/\/www.sekobrno.cz\/index.php?rest_route=\/wp\/v2\/types\/page"}],"author":[{"embeddable":true,"href":"https:\/\/www.sekobrno.cz\/index.php?rest_route=\/wp\/v2\/users\/1"}],"replies":[{"embeddable":true,"href":"https:\/\/www.sekobrno.cz\/index.php?rest_route=%2Fwp%2Fv2%2Fcomments&post=22"}],"version-history":[{"count":8,"href":"https:\/\/www.sekobrno.cz\/index.php?rest_route=\/wp\/v2\/pages\/22\/revisions"}],"predecessor-version":[{"id":165,"href":"https:\/\/www.sekobrno.cz\/index.php?rest_route=\/wp\/v2\/pages\/22\/revisions\/165"}],"wp:attachment":[{"href":"https:\/\/www.sekobrno.cz\/index.php?rest_route=%2Fwp%2Fv2%2Fmedia&parent=22"}],"curies":[{"name":"wp","href":"https:\/\/api.w.org\/{rel}","templated":true}]}}